n base 8, what is -5232777 - -110?
-5232667
In base 5, what is 102123442142 + -1?
102123442141
In base 7, what is 22 + 450423462?
450423514
In base 16, what is 3 - -2133916?
2133919
In base 4, what is 12010210312 + 11?
12010210323
In base 11, what is -15492 - -16702?
1220
In base 15, what is -67261 + -171?
-673d2
In base 8, what is -6 + 311471742?
311471734
In base 10, what is 9723 - -53987?
63710
In base 13, what is -6 - b16817?
-b16820
In base 6, what is -12213 - 12102?
-24315
In base 9, what is 7705753 + 22?
7705775
In base 12, what is -17 + 31957?
31940
In base 9, what is -100 - -701161?
701061
In base 4, what is 2 - 2032011221123?
-2032011221121
In base 2, what is 100100010001100001110001 + 101?
100100010001100001110110
In base 12, what is -4 + -1481867?
-148186b
In base 5, what is -1041001224344 + 2?
-1041001224342
In base 10, what is 109435 + 86?
109521
In base 14, what is a88db - -1a?
a8917
In base 15, what is 3c51e5 - -33?
3c5228
In base 4, what is 10 - -111302301003?
111302301013
In base 7, what is -613 + -630053?
-630666
In base 10, what is -4 - 96885?
-96889
In base 2, what is 100001100001101110110000000 - -111?
100001100001101110110000111
In base 11, what is -9aaa324 - 5?
-9aaa329
In base 15, what is -2 - 7741?
-7743
In base 8, what is 260455215 + -3?
260455212
In base 5, what is 3144 - -114324014?
114332213
In base 9, what is 316322 - -66?
316388
In base 8, what is 63 - 17364165?
-17364102
In base 8, what is 20051 - 111?
17740
In base 15, what is -9 - 130776cb?
-130776d5
In base 6, what is -21 - -21235403?
21235342
In base 11, what is -15a + 4aa32?
4a883
In base 16, what is -c + 4b96d?
4b961
In base 11, what is 21526179 - -5?
21526183
In base 14, what is -18a04a + 155?
-189cd5
In base 11, what is 8 - -18226a54?
18226a61
In base 2, what is -1011111001011000011 - 10110?
-1011111001011011001
In base 16, what is 58096 - -6b?
58101
In base 5, what is 1210242 + 21202?
1231444
In base 9, what is -248568 - -28?
-248540
In base 4, what is -13033010 - -11211330?
-1221020
In base 5, what is 410432422340 + 2?
410432422342
In base 6, what is -21043425 - 510?
-21044335
In base 11, what is 11876227 + -6?
11876221
In base 5, what is 3014122410211 - -3?
3014122410214
In base 3, what is 2122202202 - 220110011?
1202022121
In base 3, what is 11110101122200 - -1022?
11110101200222
In base 13, what is -29c340 - -10?
-29c330
In base 8, what is 130 - -715050?
715200
In base 4, what is -12 + -233031031011?
-233031031023
In base 10, what is 11 - -9992082?
9992093
In base 12, what is 103b8b2 + -91?
103b821
In base 6, what is 2040554551 + 40?
2040555031
In base 3, what is -2 - -102020210120?
102020210111
In base 11, what is 943 - 41523?
-40690
In base 15, what is 4b8c - -82a?
54b7
In base 6, what is 111251534104 + 2?
111251534110
In base 7, what is 11 - -102620234?
102620245
In base 8, what is 1060 + -1051754?
-1050674
In base 9, what is 511271266 + -5?
511271261
In base 7, what is 2 - 10402350?
-10402345
In base 5, what is -143343133 + -31?
-143343214
In base 15, what is -3c28 - -a1a?
-320d
In base 5, what is 413404344 + 100?
413404444
In base 8, what is -6 - 5127664?
-5127672
In base 9, what is 3306313 - -5?
3306318
In base 10, what is 3038 + -386?
2652
In base 12, what is -131 + 72133?
72002
In base 4, what is 2021220323 - 112?
2021220211
In base 10, what is -10588 - -713?
-9875
In base 7, what is 1 + -101335632?
-101335631
In base 4, what is -22220210 + -2011?
-22222221
In base 16, what is -2 - -bbfcf41?
bbfcf3f
In base 11, what is -88a1 + 159?
-8743
In base 5, what is 1 + -11141001410?
-11141001404
In base 8, what is -4470105 - 453?
-4470560
In base 3, what is 12 + -22210112?
-22210100
In base 14, what is -151 - -28997?
28846
In base 14, what is -23394 + 141?
-23253
In base 16, what is -2af89 + 2ba6?
-283e3
In base 6, what is 2213002 + 3534?
2220540
In base 5, what is -2 - -334024114?
334024112
In base 3, what is 112 + -2020021022001?
-2020021021112
In base 8, what is 5 + -261666?
-261661
In base 4, what is 3100 + 2332002?
3001102
In base 4, what is 301000 + -32223003?
-31322003
In base 12, what is 14ab869 + 4?
14ab871
In base 7, what is 1250521522 - -6?
1250521531
In base 14, what is -3d9a53 + 5d?
-3d99d4
In base 3, what is -220122220 + 200112?
-212222101
In base 10, what is -51 + 9141?
9090
In base 15, what is -1bace2 - 194?
-1bae86
In base 10, what is 88081129 - -8?
88081137
In base 11, what is -4637 + -984?
-5510
In base 7, what is -55 - -22033600?
22033512
In base 4, what is 130232212 - 32?
130232120
In base 15, what is 64 + -5582?
-551d
In base 6, what is -333302 + -20404?
-354110
In base 3, what is -102200211 - -1211022?
-100212112
In base 10, what is -12 + -8431465?
-8431477
In base 2, what is -110 - -1000001010011000?
1000001010010010
In base 9, what is -3881050 - 14?
-3881064
In base 15, what is 3e78 + 7636?
b5ae
In base 8, what is -5 + 1056640167?
1056640162
In base 6, what is 155 + -21342105?
-21341510
In base 7, what is -16254 + -22105?
-41362
In base 5, what is 1142012332103 + 1?
1142012332104
In base 6, what is -45452 + -252140?
-342032
In base 12, what is -8b5b27 - 9?
-8b5b34
In base 7, what is -4 + -4333032606?
-4333032613
In base 12, what is -4 + -18b65709?
-18b65711
In base 13, what is 348aa7 + -5?
348aa2
In base 5, what is 4303140 + -14244?
4233341
In base 8, what is -11214115 - -2?
-11214113
In base 8, what is -4 - 10325440?
-10325444
In base 3, what is 12100022102001 - -11?
12100022102012
In base 16, what is -166 + -209d4?
-20b3a
In base 12, what is -494a9665 + 0?
-494a9665
In base 7, what is 3 + 20235422?
20235425
In base 2, what is 10010000100000 - -1111100110100?
100001101010100
In base 16, what is 64abf5 + -2?
64abf3
In base 5, what is 43002430 - -321?
43003301
In base 5, what is 103100 + 23434?
132034
In base 6, what is 3331001 + -2553?
3324004
In base 4, what is 3030122 - -2230?
3033012
In base 11, what is -3 + -5495289?
-5495291
In base 9, what is -7254108 - -20?
-7254078
In base 15, what is -55ad1e - -4?
-55ad1a
In base 6, what is 4343054 - -1210?
4344304
In base 9, what is -14053 - -132?
-13821
In base 15, what is -12c - -2a383?
2a256
In base 7, what is -415 - -2351146?
2350431
In base 7, what is 46 - 13004351?
-13004302
In base 14, what is -716958 + 3?
-716955
In base 15, what is 50c + 37b74?
38181
In base 7, what is 52 + 12355354?
12355436
In base 5, what is 13 + -33241313331?
-33241313313
In base 8, what is 40517401 + 1?
40517402
In base 7, what is 40623421 + -3?
40623415
In base 14, what is 2 + -4d5d09?
-4d5d07
In base 4, what is 112311 + -121130?
-2213
In base 3, what is -12021100 - 12201?
-12111001
In base 14, what is 15bcbb + -24?
15bc97
In base 13, what is 19b969 - c?
19b95a
In base 13, what is 95874332 - 1?
95874331
In base 13, what is 2107b + -117?
20c64
In base 9, what is -731 - -2576?
1745
In base 16, what is -bb94 + a7b?
-b119
In base 3, what is -112100111001000 - 1?
-112100111001001
In base 7, what is 501 + 63501?
64302
In base 10, what is -1699 - -76991?
75292
In base 8, what is 4 + 413142622?
413142626
In base 9, what is -1227358380 - -4?
-1227358375
In base 13, what is -2 + 11488c70?
11488c6b
In base 14, what is -55 + -b5836?
-b588b
In base 10, what is -1935913 + 0?
-1935913
In base 13, what is 283a16 + 18a?
283ba3
In base 5, what is 111032 + 300011?
411043
In base 4, what is -3 - -1112002301233?
1112002301230
In base 11, what is 111102955 + -1?
111102954
In base 14, what is 91 + 45890?
45941
In base 11, what is 0 + 1367a5352?
1367a5352
In base 12, what is -2 + 20a99184?
20a99182
In base 4, what is -1013200 + 113310?
-233230
In base 10, what is 135547 + 12?
135559
In base 3, what is -112221 + 2021020010?
2020200012
In base 5, what is 1123 + -1133430313?
-1133424140
In base 4, what is 1120110121332 - -1?
1120110121333
In base 4, what is 122303 + 132231?
321200
In base 4, what is 1 + -2221310203?
-2221310202
In base 9, what is 22 + 1071253?
1071275
In base 15, what is 3 + 553a?
553d
In base 16, what is 3 - 51a31c?
-51a319
In base 11, what is 8a688 - -2?
8a68a
In base 15, what is -807 + 1cee1?
1c6d9
In base 2, what is -1100110010 - -1101110001001001?
1101100100010111
In base 8, what is -4 - 1523430025?
-1523430031
In base 16, what is -1 - -8b195e?
8b195d
In base 15, what is e4 + -a5e1a?
-a5d26
In base 3